Dec 01 00:43:36.335 INFO testing sunjay/lion against master#8940af3cea4a9a9deabcaf843b2f8cad9a83fc61 for beta-1.31-5
Dec 01 00:43:36.335 INFO running `"docker" "create" "-v" "/mnt/big/crater/work/local/target-dirs/beta-1.31-5/worker-1/master#8940af3cea4a9a9deabcaf843b2f8cad9a83fc61:/target:rw,Z" "-v" "/mnt/big/crater/work/local/test-source/worker-1/beta-1.31-5/master#8940af3cea4a9a9deabcaf843b2f8cad9a83fc61:/source:ro,Z" "-v" "/mnt/big/crater/work/local/cargo-home:/cargo-home:ro,Z" "-v" "/mnt/big/crater/work/local/rustup-home:/rustup-home:ro,Z" "-e" "USER_ID=1000" "-e" "SOURCE_DIR=/source" "-e" "USER_ID=1000" "-e" "CMD=cargo +8940af3cea4a9a9deabcaf843b2f8cad9a83fc61-alt build --frozen" "-e" "CARGO_TARGET_DIR=/target" "-e" "CARGO_INCREMENTAL=0" "-e" "RUST_BACKTRACE=full" "-e" "RUSTFLAGS=--cap-lints=warn" "-e" "CARGO_HOME=/cargo-home" "-e" "RUSTUP_HOME=/rustup-home" "-m" "1536M" "--network" "none" "crater"`
Dec 01 00:43:36.811 INFO [stdout] c5f1fa0b2e814df4665538d3263bdb686a79739c2c449602f73e1e9cd9cc59c8
Dec 01 00:43:36.815 INFO running `"docker" "start" "-a" "c5f1fa0b2e814df4665538d3263bdb686a79739c2c449602f73e1e9cd9cc59c8"`
Dec 01 00:43:37.939 INFO [stderr] usermod: no changes
Dec 01 00:43:38.114 INFO [stderr]    Compiling num-bigint v0.2.0
Dec 01 00:43:38.114 INFO [stderr]    Compiling bytecount v0.3.2
Dec 01 00:43:38.114 INFO [stderr]    Compiling ordermap v0.3.5
Dec 01 00:43:38.114 INFO [stderr]    Compiling phf_shared v0.7.22
Dec 01 00:43:38.115 INFO [stderr]    Compiling memchr v1.0.2
Dec 01 00:43:38.115 INFO [stderr]    Compiling nom v4.0.0
Dec 01 00:43:38.115 INFO [stderr]    Compiling smallvec v0.6.4
Dec 01 00:43:38.115 INFO [stderr]    Compiling nix v0.7.0
Dec 01 00:43:40.562 INFO [stderr]    Compiling phf_generator v0.7.22
Dec 01 00:43:40.562 INFO [stderr]    Compiling phf v0.7.22
Dec 01 00:43:40.567 INFO [stderr]    Compiling nom v3.2.1
Dec 01 00:43:41.919 INFO [stderr]    Compiling phf_codegen v0.7.22
Dec 01 00:43:42.599 INFO [stderr]    Compiling petgraph v0.4.12
Dec 01 00:43:42.831 INFO [stderr]    Compiling smallstr v0.1.0
Dec 01 00:43:43.295 INFO [stderr]    Compiling terminfo v0.6.0
Dec 01 00:43:51.265 INFO [stderr] error[E0034]: multiple applicable items in scope
Dec 01 00:43:51.265 INFO [stderr]     --> /cargo-home/registry/src/github.com-1ecc6299db9ec823/petgraph-0.4.12/src/graph_impl/stable_graph/mod.rs:1171:19
Dec 01 00:43:51.266 INFO [stderr]      |
Dec 01 00:43:51.266 INFO [stderr] 1171 |         self.iter.find_map(|(i, node)| {
Dec 01 00:43:51.266 INFO [stderr]      |                   ^^^^^^^^ multiple `find_map` found
Dec 01 00:43:51.267 INFO [stderr]      |
Dec 01 00:43:51.267 INFO [stderr] note: candidate #1 is defined in an impl of the trait `iter_utils::IterUtilsExt` for the type `_`
Dec 01 00:43:51.268 INFO [stderr]     --> /cargo-home/registry/src/github.com-1ecc6299db9ec823/petgraph-0.4.12/src/iter_utils.rs:5:5
Dec 01 00:43:51.268 INFO [stderr]      |
Dec 01 00:43:51.268 INFO [stderr] 5    | /     fn find_map<F, R>(&mut self, mut f: F) -> Option<R>
Dec 01 00:43:51.269 INFO [stderr] 6    | |         where F: FnMut(Self::Item) -> Option<R>
Dec 01 00:43:51.269 INFO [stderr] 7    | |     {
Dec 01 00:43:51.269 INFO [stderr] 8    | |         while let Some(elt) = self.next() {
Dec 01 00:43:51.269 INFO [stderr] ...    |
Dec 01 00:43:51.270 INFO [stderr] 13   | |         None
Dec 01 00:43:51.270 INFO [stderr] 14   | |     }
Dec 01 00:43:51.270 INFO [stderr]      | |_____^
Dec 01 00:43:51.272 INFO [stderr]      = note: candidate #2 is defined in an impl of the trait `std::iter::Iterator` for the type `std::iter::Enumerate<_>`
Dec 01 00:43:51.272 INFO [stderr] 
Dec 01 00:43:51.311 INFO [stderr] error[E0034]: multiple applicable items in scope
Dec 01 00:43:51.312 INFO [stderr]     --> /cargo-home/registry/src/github.com-1ecc6299db9ec823/petgraph-0.4.12/src/graph_impl/stable_graph/mod.rs:1363:19
Dec 01 00:43:51.312 INFO [stderr]      |
Dec 01 00:43:51.312 INFO [stderr] 1363 |         self.iter.find_map(|(i, edge)|
Dec 01 00:43:51.313 INFO [stderr]      |                   ^^^^^^^^ multiple `find_map` found
Dec 01 00:43:51.313 INFO [stderr]      |
Dec 01 00:43:51.313 INFO [stderr] note: candidate #1 is defined in an impl of the trait `iter_utils::IterUtilsExt` for the type `_`
Dec 01 00:43:51.314 INFO [stderr]     --> /cargo-home/registry/src/github.com-1ecc6299db9ec823/petgraph-0.4.12/src/iter_utils.rs:5:5
Dec 01 00:43:51.314 INFO [stderr]      |
Dec 01 00:43:51.314 INFO [stderr] 5    | /     fn find_map<F, R>(&mut self, mut f: F) -> Option<R>
Dec 01 00:43:51.315 INFO [stderr] 6    | |         where F: FnMut(Self::Item) -> Option<R>
Dec 01 00:43:51.315 INFO [stderr] 7    | |     {
Dec 01 00:43:51.315 INFO [stderr] 8    | |         while let Some(elt) = self.next() {
Dec 01 00:43:51.315 INFO [stderr] ...    |
Dec 01 00:43:51.316 INFO [stderr] 13   | |         None
Dec 01 00:43:51.316 INFO [stderr] 14   | |     }
Dec 01 00:43:51.316 INFO [stderr]      | |_____^
Dec 01 00:43:51.317 INFO [stderr]      = note: candidate #2 is defined in an impl of the trait `std::iter::Iterator` for the type `std::iter::Enumerate<_>`
Dec 01 00:43:51.317 INFO [stderr] 
Dec 01 00:43:51.337 INFO [stderr] error[E0034]: multiple applicable items in scope
Dec 01 00:43:51.338 INFO [stderr]     --> /cargo-home/registry/src/github.com-1ecc6299db9ec823/petgraph-0.4.12/src/graph_impl/stable_graph/mod.rs:1527:19
Dec 01 00:43:51.338 INFO [stderr]      |
Dec 01 00:43:51.338 INFO [stderr] 1527 |         self.iter.find_map(|(i, node)| {
Dec 01 00:43:51.339 INFO [stderr]      |                   ^^^^^^^^ multiple `find_map` found
Dec 01 00:43:51.339 INFO [stderr]      |
Dec 01 00:43:51.339 INFO [stderr] note: candidate #1 is defined in an impl of the trait `iter_utils::IterUtilsExt` for the type `_`
Dec 01 00:43:51.340 INFO [stderr]     --> /cargo-home/registry/src/github.com-1ecc6299db9ec823/petgraph-0.4.12/src/iter_utils.rs:5:5
Dec 01 00:43:51.340 INFO [stderr]      |
Dec 01 00:43:51.340 INFO [stderr] 5    | /     fn find_map<F, R>(&mut self, mut f: F) -> Option<R>
Dec 01 00:43:51.341 INFO [stderr] 6    | |         where F: FnMut(Self::Item) -> Option<R>
Dec 01 00:43:51.341 INFO [stderr] 7    | |     {
Dec 01 00:43:51.341 INFO [stderr] 8    | |         while let Some(elt) = self.next() {
Dec 01 00:43:51.341 INFO [stderr] ...    |
Dec 01 00:43:51.342 INFO [stderr] 13   | |         None
Dec 01 00:43:51.342 INFO [stderr] 14   | |     }
Dec 01 00:43:51.342 INFO [stderr]      | |_____^
Dec 01 00:43:51.343 INFO [stderr]      = note: candidate #2 is defined in an impl of the trait `std::iter::Iterator` for the type `std::iter::Enumerate<_>`
Dec 01 00:43:51.343 INFO [stderr] 
Dec 01 00:43:51.363 INFO [stderr] error[E0034]: multiple applicable items in scope
Dec 01 00:43:51.364 INFO [stderr]     --> /cargo-home/registry/src/github.com-1ecc6299db9ec823/petgraph-0.4.12/src/graph_impl/stable_graph/mod.rs:1573:19
Dec 01 00:43:51.364 INFO [stderr]      |
Dec 01 00:43:51.364 INFO [stderr] 1573 |         self.iter.find_map(|(i, node)| {
Dec 01 00:43:51.365 INFO [stderr]      |                   ^^^^^^^^ multiple `find_map` found
Dec 01 00:43:51.365 INFO [stderr]      |
Dec 01 00:43:51.365 INFO [stderr] note: candidate #1 is defined in an impl of the trait `iter_utils::IterUtilsExt` for the type `_`
Dec 01 00:43:51.366 INFO [stderr]     --> /cargo-home/registry/src/github.com-1ecc6299db9ec823/petgraph-0.4.12/src/iter_utils.rs:5:5
Dec 01 00:43:51.366 INFO [stderr]      |
Dec 01 00:43:51.366 INFO [stderr] 5    | /     fn find_map<F, R>(&mut self, mut f: F) -> Option<R>
Dec 01 00:43:51.367 INFO [stderr] 6    | |         where F: FnMut(Self::Item) -> Option<R>
Dec 01 00:43:51.367 INFO [stderr] 7    | |     {
Dec 01 00:43:51.367 INFO [stderr] 8    | |         while let Some(elt) = self.next() {
Dec 01 00:43:51.368 INFO [stderr] ...    |
Dec 01 00:43:51.368 INFO [stderr] 13   | |         None
Dec 01 00:43:51.368 INFO [stderr] 14   | |     }
Dec 01 00:43:51.368 INFO [stderr]      | |_____^
Dec 01 00:43:51.369 INFO [stderr]      = note: candidate #2 is defined in an impl of the trait `std::iter::Iterator` for the type `std::iter::Enumerate<_>`
Dec 01 00:43:51.369 INFO [stderr] 
Dec 01 00:43:53.139 INFO [stderr] error: aborting due to 4 previous errors
Dec 01 00:43:53.139 INFO [stderr] 
Dec 01 00:43:53.139 INFO [stderr] For more information about this error, try `rustc --explain E0034`.
Dec 01 00:43:53.191 INFO [stderr]    Compiling nom_locate v0.3.1
Dec 01 00:43:53.203 INFO [stderr] error: Could not compile `petgraph`.
Dec 01 00:43:53.203 INFO [stderr] warning: build failed, waiting for other jobs to finish...
Dec 01 00:43:57.901 INFO [stderr] error: build failed
Dec 01 00:43:57.902 INFO [stderr] su: No module specific data is present
Dec 01 00:43:58.753 INFO running `"docker" "inspect" "c5f1fa0b2e814df4665538d3263bdb686a79739c2c449602f73e1e9cd9cc59c8"`
Dec 01 00:43:59.102 INFO running `"docker" "rm" "-f" "c5f1fa0b2e814df4665538d3263bdb686a79739c2c449602f73e1e9cd9cc59c8"`
Dec 01 00:43:59.415 INFO [stdout] c5f1fa0b2e814df4665538d3263bdb686a79739c2c449602f73e1e9cd9cc59c8
